REPLACE INTO `rvs_category` (`rvs_category_id`, `category_name`, `category_sh_name`) VALUES ('13', 'Internet Services', 'in');
REPLACE INTO `rvs_charset` (`charset_id`, `charset_name`, `charset_value`, `xml_lang`) VALUES ('43', 'spanish', 'iso-8859-1', 'es');
REPLACE INTO `rvs_color` (`color_id`, `color_name`, `color_code`) VALUES ('51', 'Pink', 'FFC0CB');
REPLACE INTO `rvs_color_group` (`color_group_id`, `color_id`) VALUES ('9', '51');
REPLACE INTO `rvs_color_group_name` (`color_group_id`, `default_color_id`) VALUES ('9', '51');
REPLACE INTO `rvs_component` (`rvs_component_id`, `component_name`, `rvs_owner_usr_id`, `use_wysiwyg`) VALUES ('c333555bbb03038b535b529d456583f0', 'Online_Form', '6a9466cd0fd3c625a8366b2e3bb9e63d', '0');
REPLACE INTO `rvs_component_config` (`rvs_component_id`, `component_config`, `component_value`) VALUES ('c333555bbb03038b535b529d456583f0', 'active', '1');
REPLACE INTO `rvs_component_config` (`rvs_component_id`, `component_config`, `component_value`) VALUES ('c333555bbb03038b535b529d456583f0', 'isResellerConfig', '1');
REPLACE INTO `rvs_font` (`font_id`, `font_name`) VALUES ('12', 'Verdana');
REPLACE INTO `forms` (`id`, `username`, `title`, `height`, `status`) VALUES ('cc6b1f7ac1782e53f9e1a4c97dbf6a91', 'c8e05b863fc2e8c0946962410b0de013', 'contact us', '640', 'Enabled');
REPLACE INTO `questions` (`form_id`, `id`, `order`, `type`) VALUES ('cc6b1f7ac1782e53f9e1a4c97dbf6a91', '0', '1', 'control_textbox');
REPLACE INTO `questions` (`form_id`, `id`, `order`, `type`) VALUES ('cc6b1f7ac1782e53f9e1a4c97dbf6a91', '1', '2', 'control_textbox');
REPLACE INTO `questions` (`form_id`, `id`, `order`, `type`) VALUES ('cc6b1f7ac1782e53f9e1a4c97dbf6a91', '2', '3', 'control_textbox');
REPLACE INTO `questions` (`form_id`, `id`, `order`, `type`) VALUES ('cc6b1f7ac1782e53f9e1a4c97dbf6a91', '7', '5', 'control_textarea');
REPLACE INTO `questions` (`form_id`, `id`, `order`, `type`) VALUES ('cc6b1f7ac1782e53f9e1a4c97dbf6a91', '8', '7', 'control_button');
REPLACE INTO `questions` (`form_id`, `id`, `order`, `type`) VALUES ('cc6b1f7ac1782e53f9e1a4c97dbf6a91', '12', '4', 'control_textbox');
REPLACE INTO `questions` (`form_id`, `id`, `order`, `type`) VALUES ('cc6b1f7ac1782e53f9e1a4c97dbf6a91', '13', '6', 'control_fileupload');
REPLACE INTO `question_properties` (`form_id`, `question_id`, `prop`, `value`) VALUES ('cc6b1f7ac1782e53f9e1a4c97dbf6a91', '0', 'desc', NULL);
REPLACE INTO `question_properties` (`form_id`, `question_id`, `prop`, `value`) VALUES ('cc6b1f7ac1782e53f9e1a4c97dbf6a91', '0', 'maxsize', '100');
REPLACE INTO `question_properties` (`form_id`, `question_id`, `prop`, `value`) VALUES ('cc6b1f7ac1782e53f9e1a4c97dbf6a91', '0', 'required', 'yes');
REPLACE INTO `question_properties` (`form_id`, `question_id`, `prop`, `value`) VALUES ('cc6b1f7ac1782e53f9e1a4c97dbf6a91', '0', 'senderemail', 'no');
REPLACE INTO `question_properties` (`form_id`, `question_id`, `prop`, `value`) VALUES ('cc6b1f7ac1782e53f9e1a4c97dbf6a91', '0', 'size', '20');
REPLACE INTO `question_properties` (`form_id`, `question_id`, `prop`, `value`) VALUES ('cc6b1f7ac1782e53f9e1a4c97dbf6a91', '0', 'text', 'Nombre');
REPLACE INTO `question_properties` (`form_id`, `question_id`, `prop`, `value`) VALUES ('cc6b1f7ac1782e53f9e1a4c97dbf6a91', '0', 'validation', 'no');
REPLACE INTO `question_properties` (`form_id`, `question_id`, `prop`, `value`) VALUES ('cc6b1f7ac1782e53f9e1a4c97dbf6a91', '1', 'desc', NULL);
REPLACE INTO `question_properties` (`form_id`, `question_id`, `prop`, `value`) VALUES ('cc6b1f7ac1782e53f9e1a4c97dbf6a91', '1', 'maxsize', '100');
REPLACE INTO `question_properties` (`form_id`, `question_id`, `prop`, `value`) VALUES ('cc6b1f7ac1782e53f9e1a4c97dbf6a91', '1', 'required', 'yes');
REPLACE INTO `question_properties` (`form_id`, `question_id`, `prop`, `value`) VALUES ('cc6b1f7ac1782e53f9e1a4c97dbf6a91', '1', 'senderemail', 'no');
REPLACE INTO `question_properties` (`form_id`, `question_id`, `prop`, `value`) VALUES ('cc6b1f7ac1782e53f9e1a4c97dbf6a91', '1', 'size', '20');
REPLACE INTO `question_properties` (`form_id`, `question_id`, `prop`, `value`) VALUES ('cc6b1f7ac1782e53f9e1a4c97dbf6a91', '1', 'text', 'Apellido');
REPLACE INTO `question_properties` (`form_id`, `question_id`, `prop`, `value`) VALUES ('cc6b1f7ac1782e53f9e1a4c97dbf6a91', '1', 'validation', 'no');
REPLACE INTO `question_properties` (`form_id`, `question_id`, `prop`, `value`) VALUES ('cc6b1f7ac1782e53f9e1a4c97dbf6a91', '2', 'desc', NULL);
REPLACE INTO `question_properties` (`form_id`, `question_id`, `prop`, `value`) VALUES ('cc6b1f7ac1782e53f9e1a4c97dbf6a91', '2', 'maxsize', '100');
REPLACE INTO `question_properties` (`form_id`, `question_id`, `prop`, `value`) VALUES ('cc6b1f7ac1782e53f9e1a4c97dbf6a91', '2', 'required', 'yes');
REPLACE INTO `question_properties` (`form_id`, `question_id`, `prop`, `value`) VALUES ('cc6b1f7ac1782e53f9e1a4c97dbf6a91', '2', 'size', '20');
REPLACE INTO `question_properties` (`form_id`, `question_id`, `prop`, `value`) VALUES ('cc6b1f7ac1782e53f9e1a4c97dbf6a91', '2', 'text', 'Correo electrónico');
REPLACE INTO `question_properties` (`form_id`, `question_id`, `prop`, `value`) VALUES ('cc6b1f7ac1782e53f9e1a4c97dbf6a91', '2', 'validation', 'Email');
REPLACE INTO `question_properties` (`form_id`, `question_id`, `prop`, `value`) VALUES ('cc6b1f7ac1782e53f9e1a4c97dbf6a91', '7', 'cols', '35');
REPLACE INTO `question_properties` (`form_id`, `question_id`, `prop`, `value`) VALUES ('cc6b1f7ac1782e53f9e1a4c97dbf6a91', '7', 'desc', NULL);
REPLACE INTO `question_properties` (`form_id`, `question_id`, `prop`, `value`) VALUES ('cc6b1f7ac1782e53f9e1a4c97dbf6a91', '7', 'required', 'yes');
REPLACE INTO `question_properties` (`form_id`, `question_id`, `prop`, `value`) VALUES ('cc6b1f7ac1782e53f9e1a4c97dbf6a91', '7', 'rows', '10');
REPLACE INTO `question_properties` (`form_id`, `question_id`, `prop`, `value`) VALUES ('cc6b1f7ac1782e53f9e1a4c97dbf6a91', '7', 'text', 'Su mensaje');
REPLACE INTO `question_properties` (`form_id`, `question_id`, `prop`, `value`) VALUES ('cc6b1f7ac1782e53f9e1a4c97dbf6a91', '7', 'validation', 'no');
REPLACE INTO `question_properties` (`form_id`, `question_id`, `prop`, `value`) VALUES ('cc6b1f7ac1782e53f9e1a4c97dbf6a91', '8', 'clear', 'no');
REPLACE INTO `question_properties` (`form_id`, `question_id`, `prop`, `value`) VALUES ('cc6b1f7ac1782e53f9e1a4c97dbf6a91', '8', 'resettext', 'clear');
REPLACE INTO `question_properties` (`form_id`, `question_id`, `prop`, `value`) VALUES ('cc6b1f7ac1782e53f9e1a4c97dbf6a91', '8', 'submittext', 'Enviar');
REPLACE INTO `question_properties` (`form_id`, `question_id`, `prop`, `value`) VALUES ('cc6b1f7ac1782e53f9e1a4c97dbf6a91', '8', 'text', NULL);
REPLACE INTO `question_properties` (`form_id`, `question_id`, `prop`, `value`) VALUES ('cc6b1f7ac1782e53f9e1a4c97dbf6a91', '12', 'desc', NULL);
REPLACE INTO `question_properties` (`form_id`, `question_id`, `prop`, `value`) VALUES ('cc6b1f7ac1782e53f9e1a4c97dbf6a91', '12', 'maxsize', '100');
REPLACE INTO `question_properties` (`form_id`, `question_id`, `prop`, `value`) VALUES ('cc6b1f7ac1782e53f9e1a4c97dbf6a91', '12', 'required', 'no');
REPLACE INTO `question_properties` (`form_id`, `question_id`, `prop`, `value`) VALUES ('cc6b1f7ac1782e53f9e1a4c97dbf6a91', '12', 'senderemail', 'no');
REPLACE INTO `question_properties` (`form_id`, `question_id`, `prop`, `value`) VALUES ('cc6b1f7ac1782e53f9e1a4c97dbf6a91', '12', 'size', '20');
REPLACE INTO `question_properties` (`form_id`, `question_id`, `prop`, `value`) VALUES ('cc6b1f7ac1782e53f9e1a4c97dbf6a91', '12', 'text', 'Telefono');
REPLACE INTO `question_properties` (`form_id`, `question_id`, `prop`, `value`) VALUES ('cc6b1f7ac1782e53f9e1a4c97dbf6a91', '12', 'validation', 'no');
REPLACE INTO `question_properties` (`form_id`, `question_id`, `prop`, `value`) VALUES ('cc6b1f7ac1782e53f9e1a4c97dbf6a91', '13', 'desc', NULL);
REPLACE INTO `question_properties` (`form_id`, `question_id`, `prop`, `value`) VALUES ('cc6b1f7ac1782e53f9e1a4c97dbf6a91', '13', 'extensions', 'doc, docx, xls, xlsx, pdf, ppt, pptx, txt, html, htm, rtf, pps, ppsx, zip, tar, gzip, bzip, sit, dmg, jpg, jpeg, gif, png, asf, asx, flv, h264, mov, mp3, mp4, swf, wax, wma, wmv, wvx, wpl, xspf');
REPLACE INTO `question_properties` (`form_id`, `question_id`, `prop`, `value`) VALUES ('cc6b1f7ac1782e53f9e1a4c97dbf6a91', '13', 'maxsize', '5000');
REPLACE INTO `question_properties` (`form_id`, `question_id`, `prop`, `value`) VALUES ('cc6b1f7ac1782e53f9e1a4c97dbf6a91', '13', 'required', 'no');
REPLACE INTO `question_properties` (`form_id`, `question_id`, `prop`, `value`) VALUES ('cc6b1f7ac1782e53f9e1a4c97dbf6a91', '13', 'text', 'Incluye archivos?');
REPLACE INTO `question_properties` (`form_id`, `question_id`, `prop`, `value`) VALUES ('cc6b1f7ac1782e53f9e1a4c97dbf6a91', '999', 'alignment', 'default');
REPLACE INTO `question_properties` (`form_id`, `question_id`, `prop`, `value`) VALUES ('cc6b1f7ac1782e53f9e1a4c97dbf6a91', '999', 'background', 'white');
REPLACE INTO `question_properties` (`form_id`, `question_id`, `prop`, `value`) VALUES ('cc6b1f7ac1782e53f9e1a4c97dbf6a91', '999', 'conf_body', 'Thanks for submitting our form, we will get back to you as soon as possible.');
REPLACE INTO `question_properties` (`form_id`, `question_id`, `prop`, `value`) VALUES ('cc6b1f7ac1782e53f9e1a4c97dbf6a91', '999', 'conf_send', 'no');
REPLACE INTO `question_properties` (`form_id`, `question_id`, `prop`, `value`) VALUES ('cc6b1f7ac1782e53f9e1a4c97dbf6a91', '999', 'conf_subj', 'Correo de web site de LA CASA DEL CONMUTADOR');
REPLACE INTO `question_properties` (`form_id`, `question_id`, `prop`, `value`) VALUES ('cc6b1f7ac1782e53f9e1a4c97dbf6a91', '999', 'disabled', 'Enabled');
REPLACE INTO `question_properties` (`form_id`, `question_id`, `prop`, `value`) VALUES ('cc6b1f7ac1782e53f9e1a4c97dbf6a91', '999', 'email', 'yes');
REPLACE INTO `question_properties` (`form_id`, `question_id`, `prop`, `value`) VALUES ('cc6b1f7ac1782e53f9e1a4c97dbf6a91', '999', 'email_addr', 'admin@lacasadelconmutador.com');
REPLACE INTO `question_properties` (`form_id`, `question_id`, `prop`, `value`) VALUES ('cc6b1f7ac1782e53f9e1a4c97dbf6a91', '999', 'ext_sendpostdata', 'no');
REPLACE INTO `question_properties` (`form_id`, `question_id`, `prop`, `value`) VALUES ('cc6b1f7ac1782e53f9e1a4c97dbf6a91', '999', 'font', 'Verdana');
REPLACE INTO `question_properties` (`form_id`, `question_id`, `prop`, `value`) VALUES ('cc6b1f7ac1782e53f9e1a4c97dbf6a91', '999', 'fontcolor', '#464646');
REPLACE INTO `question_properties` (`form_id`, `question_id`, `prop`, `value`) VALUES ('cc6b1f7ac1782e53f9e1a4c97dbf6a91', '999', 'fontsize', '12');
REPLACE INTO `question_properties` (`form_id`, `question_id`, `prop`, `value`) VALUES ('cc6b1f7ac1782e53f9e1a4c97dbf6a91', '999', 'not_subj', 'New Submission: {qForm Title}');
REPLACE INTO `question_properties` (`form_id`, `question_id`, `prop`, `value`) VALUES ('cc6b1f7ac1782e53f9e1a4c97dbf6a91', '999', 'rvcolor', 'JF067.ini.php');
REPLACE INTO `question_properties` (`form_id`, `question_id`, `prop`, `value`) VALUES ('cc6b1f7ac1782e53f9e1a4c97dbf6a91', '999', 'sendpostdata', 'yes');
REPLACE INTO `question_properties` (`form_id`, `question_id`, `prop`, `value`) VALUES ('cc6b1f7ac1782e53f9e1a4c97dbf6a91', '999', 'spamcheck', 'Enabled');
REPLACE INTO `question_properties` (`form_id`, `question_id`, `prop`, `value`) VALUES ('cc6b1f7ac1782e53f9e1a4c97dbf6a91', '999', 'thanktext', 'Gracias por contactarnos. Le responderemos a la brevedad posible..');
REPLACE INTO `question_properties` (`form_id`, `question_id`, `prop`, `value`) VALUES ('cc6b1f7ac1782e53f9e1a4c97dbf6a91', '999', 'theme', 'Default');
REPLACE INTO `question_properties` (`form_id`, `question_id`, `prop`, `value`) VALUES ('cc6b1f7ac1782e53f9e1a4c97dbf6a91', '999', 'use_buildin_formmail', 'yes');
REPLACE INTO `question_properties` (`form_id`, `question_id`, `prop`, `value`) VALUES ('cc6b1f7ac1782e53f9e1a4c97dbf6a91', '999', 'width', '100%');
REPLACE INTO `question_utf8` (`form_id`, `utf8format`) VALUES ('cc6b1f7ac1782e53f9e1a4c97dbf6a91', '1');
REPLACE INTO `rvs_layout_template` (`layout_template_id`, `layout_template_name`, `layout_template_data`, `layout_template_desc`, `layout_template_preview`, `layout_template_head`, `layout_group_id`) VALUES ('8c76128c03ab75495ae455c04c0cbc25', 'Commerce style 2', '<!-- ####### LAYOUT CSS: MODIFY COLOR, FONT AND BOX SIZE HERE BUT DO NOT DELETE. ####### -->\r\n\r\n<style type=\"text/css\">\r\n.ftype02border {border:#D1D1D1 solid 1px;}\r\n.ftype02bgblock01_r{\r\n	background-color:#D6D3CE;\r\n	border:#D1D1D1 solid 1px;\r\n}\r\n.ftype02head{\r\n	font-size:110%;\r\n	color:#FFFFFF;\r\n	font-weight:bold;\r\n	background-color:#A7A7A7; \r\n}	\r\n.ftype02subhead{\r\n	font-size:110%;\r\n	color:#57533D;\r\n	font-weight:bold;\r\n	padding-left:3px;\r\n}\r\n.ftype02right{ float:right;}\r\n.ftype02larrow{ \r\n	list-style-image:url(images/bullet02.gif);\r\n	margin:5px 3px 5px 20px;\r\n	padding:5px 3px 5px 5px;\r\n	color:#FFFFFF;\r\n}\r\n.ftype02line{background-image:url(images/line01.gif);}\r\n.ftype02bold{\r\n	font-weight:bold;\r\n	padding:5px 0px;\r\n}\r\n.ftype02pad{\r\n	padding:5px 0px 5px 3px;\r\n}\r\n.ftype02bggray{background-color:#D8D8D8;}\r\n.ftype02bggray02{background-color:#B4AEA0;}\r\n\r\n</style>\r\n<!-- ########################### END CSS LAYOUT ###########################  -->\r\n<table cellpadding=\"0\" cellspacing=\"5\">\r\n  <tr>\r\n    <td valign=\"top\">\r\n	<table cellpadding=\"0\" cellspacing=\"5\" width=\"100%\">\r\n      <tr>\r\n        <td align=\"left\" valign=\"top\" class=\"ftype02head\">\r\n		<span><img src=\"images/img_01.gif\" alt=\"\" width=\"19\" height=\"19\"  /></span> \r\n		<span class=\"ftype02pad\"><img src=\"images/bullet02.gif\" alt=\"\" width=\"4\" height=\"6\" /></span>  \r\n		<span>Europan lingues es membres del</span>		\r\n		</td>\r\n      </tr>\r\n      <tr>\r\n        <td align=\"left\" valign=\"top\">\r\n		<table cellpadding=\"5\" cellspacing=\"0\" width=\"100%\">\r\n          <tr>\r\n            <td align=\"left\" valign=\"top\">\r\n				<table cellpadding=\"0\" cellspacing=\"5\" width=\"100%\" class=\"ftype02border\">\r\n				  <tr><td colspan=\"2\" class=\"ftype02bggray\" height=\"18\"></td></tr>\r\n				  <tr><td class=\"ftype02bold\">Europan lingues</td><td></td></tr>\r\n				  <tr><td>Fabulosity</td><td>$10</td></tr>\r\n				</table>\r\n			</td>\r\n            <td align=\"left\" valign=\"top\">\r\n				<table cellpadding=\"0\" cellspacing=\"5\" width=\"100%\" class=\"ftype02border\">\r\n				  <tr><td colspan=\"2\" class=\"ftype02bggray\" height=\"18\"></td></tr>\r\n				  <tr><td class=\"ftype02bold\">Europan lingues</td><td></td></tr>\r\n				  <tr><td>Fabulosity</td><td>$10</td></tr>\r\n				</table>\r\n			</td>\r\n            <td align=\"left\" valign=\"top\">\r\n				<table cellpadding=\"0\" cellspacing=\"5\" width=\"100%\" class=\"ftype02border\">\r\n				  <tr><td colspan=\"2\" class=\"ftype02bggray\" height=\"18\"></td></tr>\r\n				  <tr><td class=\"ftype02bold\">Europan lingues</td><td></td></tr>\r\n				  <tr><td>Fabulosity</td><td>$10</td></tr>\r\n				</table>\r\n			</td>\r\n          </tr>\r\n		   <tr>\r\n            <td align=\"left\" valign=\"top\">\r\n				<table cellpadding=\"0\" cellspacing=\"5\" width=\"100%\" class=\"ftype02border\">\r\n				  <tr><td colspan=\"2\" class=\"ftype02bggray\" height=\"18\"></td></tr>\r\n				  <tr><td class=\"ftype02bold\">Europan lingues</td><td></td></tr>\r\n				  <tr><td>Fabulosity</td><td>$10</td></tr>\r\n				</table>\r\n			</td>\r\n            <td align=\"left\" valign=\"top\">\r\n				<table cellpadding=\"0\" cellspacing=\"5\" width=\"100%\" class=\"ftype02border\">\r\n				  <tr><td colspan=\"2\" class=\"ftype02bggray\" height=\"18\"></td></tr>\r\n				  <tr><td class=\"ftype02bold\">Europan lingues</td><td></td></tr>\r\n				  <tr><td>Fabulosity</td><td>$10 </td></tr>\r\n				</table>\r\n			</td>\r\n            <td align=\"left\" valign=\"top\">\r\n				<table cellpadding=\"0\" cellspacing=\"5\" width=\"100%\" class=\"ftype02border\">\r\n				  <tr><td colspan=\"2\" class=\"ftype02bggray\" height=\"18\"></td></tr>\r\n				  <tr><td class=\"ftype02bold\">Europan lingues</td><td></td></tr>\r\n				  <tr><td>Fabulosity</td><td>$10</td></tr>\r\n				</table>\r\n			</td>\r\n          </tr>\r\n		   <tr>\r\n            <td align=\"left\" valign=\"top\">\r\n				<table cellpadding=\"0\" cellspacing=\"5\" width=\"100%\" class=\"ftype02border\">\r\n				  <tr><td colspan=\"2\" class=\"ftype02bggray\" height=\"18\"></td></tr>\r\n				  <tr><td class=\"ftype02bold\">Europan lingues</td><td></td></tr>\r\n				  <tr><td>Fabulosity</td><td>$10</td></tr>\r\n				</table>\r\n			</td>\r\n            <td align=\"left\" valign=\"top\">\r\n				<table cellpadding=\"0\" cellspacing=\"5\" width=\"100%\" class=\"ftype02border\">\r\n				  <tr><td colspan=\"2\" class=\"ftype02bggray\" height=\"18\"></td></tr>\r\n				  <tr><td class=\"ftype02bold\">Europan lingues</td><td></td></tr>\r\n				  <tr><td>Fabulosity</td><td>$10</td></tr>\r\n				</table>\r\n			</td>\r\n            <td align=\"left\" valign=\"top\">\r\n				<table cellpadding=\"0\" cellspacing=\"5\" width=\"100%\" class=\"ftype02border\">\r\n				  <tr><td colspan=\"2\" class=\"ftype02bggray\" height=\"18\"></td></tr>\r\n				  <tr><td class=\"ftype02bold\">Europan lingues</td><td></td></tr>\r\n				  <tr><td>Fabulosity</td><td>$10</td></tr>\r\n				</table>\r\n			</td>\r\n          </tr>\r\n        </table>\r\n		</td>\r\n      </tr>\r\n      <tr>\r\n        <td align=\"left\" valign=\"top\">\r\n			<div class=\"ftype02bold\">Europan lingues es membres del</div>\r\n            <div>Lorem ipsum dolor sit amet, consetetur sadipscing elitr, sed diam nonumy eirmod tempor invidunt ut labore et dolore magna aliquyam erat, sed diam voluptua. At vero eos et accusam et justo duo dolores et ea rebum. Stet clita kasd gubergren, no sea takimata sanctus est Lorem ipsum dolor sit amet. Lorem ipsum dolor sit amet, consetetur sadipscing elitr, sed diam nonumy eirmod tempor invidunt ut labore et dolore magna aliquyam erat, sed diam voluptua. At vero eos et accusam et justo duo dolores et ea rebum. Stet clita kasd gubergren, no sea takimata sanctus est Lorem ipsum dolor sit amet. Lorem ipsum dolor sit amet, consetetur sadipscing elitr, sed diam nonumy eirmod tempor invidunt ut labore et dolore magna aliquyam erat, sed diam voluptua. At vero eos et accusam et justo duo dolores et ea rebum. Stet clita kasd gubergren, no sea takimata sanctus est Lorem ipsum dolor sit amet.</div> 						 		</td>\r\n      </tr>\r\n    </table></td>\r\n    <td align=\"left\" valign=\"top\">\r\n	<table cellpadding=\"0\" cellspacing=\"0\" width=\"100%\">\r\n      <tr>\r\n        <td><img src=\"images/180x120.gif\" alt=\"\" width=\"180\" height=\"120\" /></td>\r\n      </tr>\r\n      <tr>\r\n        <td align=\"left\" valign=\"top\">\r\n              <div class=\"ftype02bold\"><img src=\"images/img_04.gif\" alt=\"\" width=\"8\" height=\"5\" align=\"texttop\" /> Epsum factorial non gop tropp ont </div>\r\n              <div>luptumcczril delenit <img src=\"images/img_05.gif\" alt=\"\" width=\"8\" height=\"5\" align=\"texttop\" /></div>\r\n		</td>\r\n      </tr>\r\n      <tr>\r\n        <td height=\"10\"></td>\r\n      </tr>\r\n      <tr>\r\n        <td align=\"left\" valign=\"top\">\r\n		<table cellpadding=\"0\" cellspacing=\"0\" width=\"100%\" class=\"ftype02bgblock01_r\">\r\n          <tr>\r\n            <td align=\"left\" valign=\"top\">\r\n				<div class=\"ftype02subhead\"><img src=\"images/bullet01.gif\" alt=\"\" width=\"4\" height=\"6\" /> Epsum factorial non</div>\r\n                    <ul class=\"ftype02larrow\">\r\n                      <li>Europan lingues mem</li>\r\n                      <li>Europan lingues mem</li>\r\n                    </ul></td>\r\n            <td class=\"ftype02bggray02\" valign=\"middle\" align=\"right\"><img src=\"images/img_03.gif\" alt=\"\" width=\"4\" height=\"7\" /></td>\r\n          </tr>\r\n          <tr>\r\n            <td class=\"ftype02line\" colspan=\"2\" height=\"2\"><img src=\"images/spacer.gif\" alt=\"\" width=\"1\" height=\"2\" /></td>\r\n          </tr>\r\n          <tr>\r\n            <td align=\"left\" valign=\"top\">\r\n				<div class=\"ftype02subhead\"><img src=\"images/bullet01.gif\" alt=\"\" width=\"4\" height=\"6\" /> Epsum factorial non</div>\r\n                    <ul class=\"ftype02larrow\">\r\n                      <li>Europan lingues mem</li>\r\n                      <li>Europan lingues mem</li>\r\n                    </ul></td>\r\n            <td class=\"ftype02bggray02\" valign=\"middle\" align=\"right\"><img src=\"images/img_03.gif\" alt=\"\" width=\"4\" height=\"7\" /></td>\r\n          </tr>\r\n        </table>\r\n		</td>\r\n      </tr>\r\n    </table>\r\n	</td>\r\n  </tr>\r\n</table>', '', 'b_layoutCom02.jpg', '', '1');
REPLACE INTO `rvs_layout_group` (`layout_group_id`, `layout_group_name`, `layout_category_id`) VALUES ('1', 'commerce style', '1');
REPLACE INTO `rvs_layout_template_user_project` (`project_id`, `layout_template_user_id`) VALUES ('c8e05b863fc2e8c0946962410b0de013', '153dbceedf18efacdbe097305fe42701');
REPLACE INTO `rvs_layout_template_user_project` (`project_id`, `layout_template_user_id`) VALUES ('c8e05b863fc2e8c0946962410b0de013', '4e7f388314e020ec63163b777053eaa4');
REPLACE INTO `rvs_navigator_name` (`navigator_name_id`, `navigator_name`) VALUES ('29', 'h_navigator_style5');
REPLACE INTO `rvs_navigator` (`navigator_id`, `menustyle_id`, `navigator_name_id`) VALUES ('293', '2', '29');
REPLACE INTO `rvs_project_page_out_seggestion` (`project_page_id`, `out_suggestion_id`) VALUES ('69dc16b8aac7d1009aeca2ac7a3596de', '1');
REPLACE INTO `rvs_project_page_out_seggestion` (`project_page_id`, `out_suggestion_id`) VALUES ('8e93025ad12fe22e91c683c7ee1323be', '9');
REPLACE INTO `rvs_out_suggestion` (`out_suggestion_id`, `out_suggestion_name`, `description_keylang`) VALUES ('1', 'Home', 'our suggestion Home description');
REPLACE INTO `rvs_out_suggestion` (`out_suggestion_id`, `out_suggestion_name`, `description_keylang`) VALUES ('9', 'Contact Us@@Online_Form', 'our suggestion Contact Us description');
REPLACE INTO `rvs_picture` (`picture_id`, `picture_name`) VALUES ('22', 'network');
REPLACE INTO `rvs_head` (`project_id`, `project_page_id`, `head_tag_data`) VALUES ('c8e05b863fc2e8c0946962410b0de013', '69dc16b8aac7d1009aeca2ac7a3596de', '');
REPLACE INTO `rvs_project` (`project_id`, `project_info_id`, `rvs_usr_id`, `project_name`, `project_directory`, `utf8format`, `project_footer`) VALUES ('c8e05b863fc2e8c0946962410b0de013', '754bd68e112b1615bf10a9b8c9ce4688', '9b8ce3cd644644d27920f63d392cab6a', 'La Casa del Conmutador', '', '1', NULL);
REPLACE INTO `rvs_project_info` (`project_info_id`, `template_item_id`, `font_id`, `navigator_id`, `rvs_category_id`, `charset_id`, `project_company`, `project_slogan`, `project_logo`, `project_title`, `project_keyword`, `project_description`, `project_domain`, `check_step`, `effect_site_enter`, `duration_site_enter`, `last_update`, `layout_template_id`, `i_pathway`, `i_mail`, `i_print`, `i_favorite`, `no_slogan`, `no_company_name`, `navigator_name_id`, `is_member_page`) VALUES ('754bd68e112b1615bf10a9b8c9ce4688', '99a47fa66971ed639eba1e8e83b01ddb', '12', '0ad6a609cbad0c2bc00e7b16bfa75fd1', '13', '43', '<div><font color=\"#000000\"><span></span><strong>La Casa del Conmutador</strong>\r\n<div><em><font face=\"null\">Tel: </font><strong>8995-9251</strong><font face=\"null\"> en CDMX</font></em></div></font></div>', '', '', '', '', '', 'reparaciondeconmutadores.com.mx', '5', NULL, NULL, '1657741887', '8c76128c03ab75495ae455c04c0cbc25', '0', '1', '1', '1', '0', '0', '29', '0');
REPLACE INTO `rvs_project_layout_page` (`project_id`, `project_page_id`, `parent_project_page_id`, `priority`, `is_home`) VALUES ('c8e05b863fc2e8c0946962410b0de013', '69dc16b8aac7d1009aeca2ac7a3596de', '0', '1', '1');
REPLACE INTO `rvs_project_layout_page` (`project_id`, `project_page_id`, `parent_project_page_id`, `priority`, `is_home`) VALUES ('c8e05b863fc2e8c0946962410b0de013', '8e93025ad12fe22e91c683c7ee1323be', '0', '7', '0');
REPLACE INTO `rvs_project_page_to_layout` (`project_page_id`, `project_id`, `layout_template_user_id`) VALUES ('69dc16b8aac7d1009aeca2ac7a3596de', 'c8e05b863fc2e8c0946962410b0de013', '153dbceedf18efacdbe097305fe42701');
REPLACE INTO `rvs_layout_template_user` (`layout_template_user_id`, `layout_name`, `layout_template_name`) VALUES ('153dbceedf18efacdbe097305fe42701', '16_02', 'Inicio');
REPLACE INTO `rvs_project_page_to_layout` (`project_page_id`, `project_id`, `layout_template_user_id`) VALUES ('8e93025ad12fe22e91c683c7ee1323be', 'c8e05b863fc2e8c0946962410b0de013', '4e7f388314e020ec63163b777053eaa4');
REPLACE INTO `rvs_layout_template_user` (`layout_template_user_id`, `layout_name`, `layout_template_name`) VALUES ('4e7f388314e020ec63163b777053eaa4', '4-8-4_0', 'Contáctenos');
REPLACE INTO `rvs_project_page` (`project_page_id`, `rvs_usr_id`, `page_name`, `custom_page_name`, `rvs_component_id`, `page_data`, `page_data_zone_2`, `page_data_zone_3`, `page_data_zone_4`, `colume_width_1`, `colume_width_2`, `colume_width_3`, `rvs_layout_id`, `head`, `page_title`, `meta_keyword`, `meta_description`, `effect_page_enter`, `duration_page_enter`, `meta_page_effect`, `rvs_link_id`, `target`, `form_template_id`, `i_pathway`, `i_mail`, `i_print`, `i_favorite`, `last_modifier`, `link_active`, `page_type`, `blank_page`, `set_draft`, `is_member_page`) VALUES ('69dc16b8aac7d1009aeca2ac7a3596de', '9b8ce3cd644644d27920f63d392cab6a', 'Inicio', '', '0', '<div class=\"RVWYSIWYGAREA\" defaultvalue=\"<div class=&quot;&quot; style=&quot;z-index: 90; width: 7px;&quot;></div><div class=&quot;&quot; style=&quot;z-index: 90; height: 7px;&quot;></div><table width=&quot;100%&quot; border=&quot;0&quot; class=&quot;ui-selectable&quot;><tbody designmode=&quot;On&quot;><tr designmode=&quot;On&quot;><td width=&quot;&quot; designmode=&quot;On&quot; class=&quot;&quot; indextr=&quot;1&quot; indextd=&quot;1&quot;>&amp;nbsp;&amp;nbsp;&amp;nbsp;<div class=&quot;&quot; style=&quot;z-index: 90; width: 7px;&quot;></div><div class=&quot;&quot; style=&quot;z-index: 90; height: 7px;&quot;></div></td><td width=&quot;&quot; designmode=&quot;On&quot; class=&quot;&quot; indextr=&quot;1&quot; indextd=&quot;2&quot;><div style=&quot;text-align: center;&quot;><b><span style=&quot;font-family: Verdana, sans-serif;&quot;>Empresa 100% Mexicana que ofrece Conmutadores Telefonicos, Productos, Servicios y Soluciones Tecnologicas.</span><span style=&quot;font-family: Verdana, sans-serif;&quot;>&amp;nbsp;</span></b></div><div style=&quot;text-align: center;&quot;><b><i><span style=&quot;font-family: Verdana, sans-serif;&quot;></span><span style=&quot;font-family: Verdana, sans-serif; font-size: 12px; font-variant-ligatures: normal; font-variant-caps: normal;&quot;>ENFOCADOS A SU ECONOMIA</span></i></b></div><div style=&quot;text-align: center;&quot;><font color=&quot;#0000ff&quot; style=&quot;font-size: 14px; font-style: inherit; font-variant-ligatures: inherit; font-variant-caps: inherit; font-weight: inherit; font-family: tahoma, geneva, sans-serif;&quot;><span style=&quot;background-color: rgb(0, 255, 0);&quot;><br></span></font></div><div style=&quot;text-align: center;&quot;><span style=&quot;background-color: rgb(255, 255, 255);&quot;><font color=&quot;#0000ff&quot; style=&quot;font-size: 14px; font-style: inherit; font-variant-ligatures: inherit; font-variant-caps: inherit; font-weight: inherit; font-family: tahoma, geneva, sans-serif;&quot;>Panasonic&amp;nbsp;&amp;nbsp;</font><span style=&quot;font-size: 14px; font-family: tahoma, geneva, sans-serif;&quot;>Avaya</span><font color=&quot;#0000ff&quot; style=&quot;font-size: 14px; font-style: inherit; font-variant-ligatures: inherit; font-variant-caps: inherit; font-weight: inherit; font-family: tahoma, geneva, sans-serif;&quot;>&amp;nbsp;&amp;nbsp;Alcatel&amp;nbsp;&amp;nbsp;&amp;nbsp;</font></span></div><div style=&quot;text-align: center;&quot;><span style=&quot;background-color: rgb(255, 255, 255);&quot;><font color=&quot;#0000ff&quot; style=&quot;font-size: 14px; font-style: inherit; font-variant-ligatures: inherit; font-variant-caps: inherit; font-weight: inherit; font-family: tahoma, geneva, sans-serif;&quot;></font><span style=&quot;font-size: 14px; font-family: tahoma, geneva, sans-serif;&quot;>Siemens</span><font color=&quot;#0000ff&quot; style=&quot;font-size: 14px; font-style: inherit; font-variant-ligatures: inherit; font-variant-caps: inherit; font-weight: inherit; font-family: tahoma, geneva, sans-serif;&quot;>&amp;nbsp;&amp;nbsp;Toshiba&amp;nbsp;&amp;nbsp;</font><span style=&quot;font-size: 14px; font-family: tahoma, geneva, sans-serif;&quot;>Nortel</span><font color=&quot;#0000ff&quot; style=&quot;font-size: 14px; font-style: inherit; font-variant-ligatures: inherit; font-variant-caps: inherit; font-weight: inherit; font-family: tahoma, geneva, sans-serif;&quot;>&amp;nbsp;&amp;nbsp;</font></span></div><div style=&quot;text-align: center;&quot;><span style=&quot;background-color: rgb(255, 255, 255);&quot;><font color=&quot;#0000ff&quot; style=&quot;font-size: 14px; font-style: inherit; font-variant-ligatures: inherit; font-variant-caps: inherit; font-weight: inherit; font-family: tahoma, geneva, sans-serif;&quot;>Samsung&amp;nbsp;&amp;nbsp;</font><span style=&quot;font-size: 14px; font-family: tahoma, geneva, sans-serif;&quot;>LG</span><font color=&quot;#0000ff&quot; style=&quot;font-size: 14px; font-style: inherit; font-variant-ligatures: inherit; font-variant-caps: inherit; font-weight: inherit; font-family: tahoma, geneva, sans-serif;&quot;>&amp;nbsp;&amp;nbsp;Nec&amp;nbsp;&amp;nbsp;</font></span></div><div style=&quot;text-align: center;&quot;><span style=&quot;background-color: rgb(255, 255, 255);&quot;><font color=&quot;#0000ff&quot; style=&quot;font-size: 14px; font-style: inherit; font-variant-ligatures: inherit; font-variant-caps: inherit; font-weight: inherit; font-family: tahoma, geneva, sans-serif;&quot;></font><span style=&quot;font-size: 14px; font-family: tahoma, geneva, sans-serif;&quot;>Mitel</span><font color=&quot;#0000ff&quot; style=&quot;font-size: 14px; font-style: inherit; font-variant-ligatures: inherit; font-variant-caps: inherit; font-weight: inherit; font-family: tahoma, geneva, sans-serif;&quot;>&amp;nbsp;&amp;nbsp;Talkswitch &amp;nbsp;</font></span><span style=&quot;font-family: tahoma, geneva, sans-serif;&quot;>Fortivoice</span><font color=&quot;#0000ff&quot; style=&quot;font-size: inherit; font-style: inherit; font-variant-ligatures: inherit; font-variant-caps: inherit; font-weight: inherit; font-family: tahoma, geneva, sans-serif;&quot;>&amp;nbsp;&amp;nbsp;</font></div><div style=&quot;text-align: center;&quot;><font color=&quot;#0000ff&quot; style=&quot;font-size: inherit; font-style: inherit; font-variant-ligatures: inherit; font-variant-caps: inherit; font-family: tahoma, geneva, sans-serif;&quot;><b>Smartphone&amp;nbsp;&amp;nbsp;</b></font><span style=&quot;font-family: tahoma, geneva, sans-serif;&quot;>MyPBX</span><font color=&quot;#0000ff&quot; style=&quot;font-size: inherit; font-style: inherit; font-variant-ligatures: inherit; font-variant-caps: inherit; font-weight: inherit; font-family: tahoma, geneva, sans-serif;&quot;>&amp;nbsp;&amp;nbsp;</font><font color=&quot;#0000ff&quot; style=&quot;font-size: inherit; font-style: inherit; font-variant-ligatures: inherit; font-variant-caps: inherit; font-family: tahoma, geneva, sans-serif;&quot;><b>GrandStream&amp;nbsp;&amp;nbsp;</b></font></div><div style=&quot;text-align: center;&quot;><font color=&quot;#0000ff&quot; style=&quot;font-size: inherit; font-style: inherit; font-variant-ligatures: inherit; font-variant-caps: inherit; font-weight: inherit; font-family: tahoma, geneva, sans-serif;&quot;></font><span style=&quot;font-family: tahoma, geneva, sans-serif;&quot;>Yeastar</span><font color=&quot;#0000ff&quot; style=&quot;font-size: inherit; font-style: inherit; font-variant-ligatures: inherit; font-variant-caps: inherit; font-weight: inherit; font-family: tahoma, geneva, sans-serif;&quot;>&amp;nbsp;&amp;nbsp;</font><font color=&quot;#0000ff&quot; style=&quot;font-size: inherit; font-style: inherit; font-variant-ligatures: inherit; font-variant-caps: inherit; font-family: tahoma, geneva, sans-serif;&quot;><b>Cisco&amp;nbsp;&amp;nbsp;</b></font><font color=&quot;#0000ff&quot; style=&quot;font-size: inherit; font-style: inherit; font-variant-ligatures: inherit; font-variant-caps: inherit; font-weight: inherit; font-family: tahoma, geneva, sans-serif;&quot;>entre otras</font></div><div style=&quot;text-align: center;&quot;><br></div><div style=&quot;text-align: center;&quot;></div><h1 style=&quot;text-align: center;&quot;>LA CASA DE CONMUTADOR</h1><div style=&quot;text-align: center;&quot;><h3><font color=&quot;#3700ff&quot;>Empresa 100% Mexicana que ofrece Conmutadores Telefonicos, Productos, Servicios y Soluciones Tecnologicas.<span style=&quot;font-family: Verdana, sans-serif; font-weight: 700;&quot;>&amp;nbsp;</span></font></h3><div style=&quot;margin-right: 0px; font-style: normal; font-variant-ligatures: normal; font-variant-caps: normal; font-weight: normal; font-size: 12px; font-family: Verdana, sans-serif;&quot;><span style=&quot;font-weight: 700;&quot;><i><span style=&quot;font-family: Verdana, sans-serif;&quot;></span><span style=&quot;font-variant-ligatures: normal; font-variant-caps: normal; font-size: 12px; font-family: Verdana, sans-serif;&quot;>ENFOCADOS A SU ECONOMIA</span></i></span></div><hr id=&quot;null&quot;></div></td><td width=&quot;&quot; designmode=&quot;On&quot; class=&quot;&quot; indextr=&quot;1&quot; indextd=&quot;3&quot;>&amp;nbsp;&amp;nbsp;&amp;nbsp;<div class=&quot;&quot; style=&quot;z-index: 90; width: 7px;&quot;></div><div class=&quot;&quot; style=&quot;z-index: 90; height: 7px;&quot;></div></td></tr></tbody></table>\n                 <div class=&quot;rvs-line-height&quot;>\n                 \n                 	<div class=&quot;eight columns alpha&quot;>\n                 		<div>\n                 			<div class=&quot;rvs-header2&quot; style=&quot;line-height: normal;&quot;>VENTA</div>\n                 			<div>Manejamos las mejores marcas del mercado:<br></div><div>Conmutadores Digitales, Hibridos e&amp;nbsp;IP.</div><div><br></div><div><span style=&quot;font-family: Verdana, sans-serif; font-size: 12px; font-style: normal; font-variant-ligatures: normal; font-variant-caps: normal; font-weight: normal;&quot;>Ofrecemos SOLUCIONES ENFOCADAS A SU ECONOMIA.&amp;nbsp;</span></div><div><span style=&quot;font-family: Verdana, sans-serif; font-size: 12px; font-style: normal; font-variant-ligatures: normal; font-variant-caps: normal; font-weight: normal;&quot;>A partir de que su solicitud sea recibida, usted contara con LA MEJOR OPCION DE COMPRA para su empresa, en su Departamento de TI. Llamenos!</span><br></div><div><br></div><div>Contamos con los PRECIOS MAS ACCESIBLES DEL MERCADO. Solo basta una llamada!</div>\n                 		</div>  \n                 		<div class=&quot;four columns alpha&quot;>\n                 			<div class=&quot;rvs-margin15&quot;><img alt=&quot;&quot; title=&quot;&quot; align=&quot;top&quot; style=&quot;margin: 0px 5px 5px 0px; vertical-align: top; width: 150px; height: 150px;&quot; src=&quot;{IMAGE_URL}/SERVICIOMANTENIMIENTOYPROGRAMACIONABAJOCOSTOECONOMICOyBARATOPARACONMUTADORTELEFONICOPanasonic_KX-NS1000_KX-UT_Business_Communications_Server-NS500.png&quot; width=&quot;150px&quot; height=&quot;150px&quot;><div class=&quot;clear&quot;></div></div>\n                 			<div class=&quot;clear&quot;></div>\n                 			<div class=&quot;rvs-header2&quot; style=&quot;line-height: normal;&quot;>Conmutadores<br style=&quot;line-height: normal;&quot;>Telefonicos Economicos</div>\n                 			Contamos con la solucion de comunicaciones moderna, funcional y de excelentes beneficios, mas adecuada a sus necesidades. No importa el tamaño de su casa, empresa o negocio. Ofrecemos SOLUCIONES ENFOCADAS A SU ECONOMIA.</div>\n                 		<div class=&quot;four columns alpha&quot;>\n                 			<div class=&quot;rvs-margin15&quot;><img src=&quot;{LIBRARY_URL}/150x150/4ct_150x150_31.jpg&quot; alt=&quot;&quot; style=&quot;float:left; margin-right:5px;&quot;></div>\n                 			<div class=&quot;clear&quot;></div>\n                 			<div class=&quot;rvs-header2&quot; style=&quot;line-height: normal;&quot;>Telefonos&amp;nbsp; Accesorios</div><div>Contamos con lo mas avanzado de la tecnologia en lo que a comunicaciones se refiere: desde un&amp;nbsp;<span style=&quot;font-family: Verdana, sans-serif; font-size: 12px; font-style: normal; font-variant-ligatures: normal; font-variant-caps: normal; font-weight: normal;&quot;>sencillo&amp;nbsp;</span>telefono unilinea , hasta el mas sofisticado conmutador telefonico IP, u operado en LA NUBE.</div><div><br></div><div>Es decir, desde un CONMUTADOR PARA 1&amp;nbsp;LINEA Y 2 EXTENSIONES, hasta Conmutadores Corporativos y Hoteleros y para Instituciones Eductativas y Gobierno.</div><div><br></div><div>\n                 			</div>\n                 		</div>\n					</div>  \n                    \n                    <div class=&quot;seven columns omega&quot;>\n                    	<div>\n                 			<div class=&quot;rvs-header2&quot; style=&quot;line-height: normal;&quot;>REFACCIONES y SERVICIOS</div>\n                 			<div>Los servicios de mayor demanda, aquellos que por&amp;nbsp;su ausencia&amp;nbsp;mas problemas&amp;nbsp;<span style=&quot;font-family: Verdana, sans-serif; font-size: 12px; font-style: normal; font-variant-ligatures: normal; font-variant-caps: normal; font-weight: normal;&quot;>provocan</span><span style=&quot;font-family: Verdana, sans-serif; font-size: 12px; font-style: normal; font-variant-ligatures: normal; font-variant-caps: normal; font-weight: normal;&quot;>&amp;nbsp;</span>en los comutadores telefonicos y generan mas perdidas economicas en las empresas,&amp;nbsp;al alcance de su mano. A una sola llamada telefonica.&amp;nbsp;</div><div><br></div><div>Ofrecemos SOLUCIONES ENFOCADAS A SU ECONOMIA.&amp;nbsp;</div><div>A partir de que su solicitud sea recibida, usted contara con el MEJOR DEPARTAMENTO DE SERVICIO para su Departamento de TI. Llamenos!<br></div>\n                 		</div> \n                 		<div class=&quot;four columns alpha&quot;>\n                 			<div class=&quot;rvs-margin15&quot;><img alt=&quot;&quot; title=&quot;&quot; align=&quot;top&quot; style=&quot;margin: 0px 5px 5px 0px; vertical-align: top; width: 150px; height: 150px;&quot; src=&quot;{IMAGE_URL}/ing.redes-y-comunicaciones.png&quot; width=&quot;150px&quot; height=&quot;150px&quot;><div class=&quot;clear&quot;></div></div>\n                 			<div class=&quot;clear&quot;></div>\n                 			<div class=&quot;rvs-header2&quot; style=&quot;line-height: normal;&quot;>REPARACION</div>\n                 			<div>Reparacion de Conmutador Telefonico. Generalmente es una accion correctiva. derivado de la no existencia de Polizas de Servicio de Mantenimiento Preventivo.</div><div>La reparacion es una actividad que se lleva a cabo de manera profesional por nuestro personal debidamente capacitado: <b>operadores, tecnicos e ingenieros, expertos o especialistas</b>. El conmutador puede requerir reparacion la cual se realiza en la gran mayoria de las veces, EN SITIO, EN SU DOMICILIO.</div><div><br></div><div><!--StartFragment--><div class=&quot;rvs-margin15&quot; style=&quot;font-style: normal; font-variant-ligatures: normal; font-variant-caps: normal; font-weight: normal; font-size: 12px; font-family: Verdana, sans-serif;&quot;><img alt=&quot;&quot; title=&quot;&quot; align=&quot;top&quot; style=&quot;margin: 0px 5px 5px 0px; vertical-align: top; width: 150px; height: 150px;&quot; src=&quot;{IMAGE_URL}/Fuente_conmutada.jpg&quot; width=&quot;150px&quot; height=&quot;150px&quot;><div class=&quot;clear&quot;></div></div><div class=&quot;clear&quot; style=&quot;font-style: normal; font-variant-ligatures: normal; font-variant-caps: normal; font-weight: normal; font-size: 12px; font-family: Verdana, sans-serif;&quot;></div><div class=&quot;rvs-header2&quot; style=&quot;font-style: normal; font-variant-ligatures: normal; font-variant-caps: normal; font-family: Verdana, sans-serif;&quot;><div sclass=&quot;rvs-header2&quot; style=&quot;font-style: normal; font-variant-ligatures: normal; font-variant-caps: normal; font-weight: normal; font-size: 12px; font-family: Verdana, sans-serif;&quot;><span style=&quot;font-style: normal; font-variant-ligatures: normal; font-variant-caps: normal; font-weight: bold; font-size: 20px; font-family: Verdana, sans-serif; line-height: normal;&quot;>MANTENIMIENTO</span><br></div><div sclass=&quot;rvs-header2&quot; style=&quot;font-style: normal; font-variant-ligatures: normal; font-variant-caps: normal; font-weight: normal; font-size: 12px; font-family: Verdana, sans-serif;&quot;>El mantenimiento es generalmente una actividad que la mayoria de las veces debe realizarse al equipo cuando su operacion esta alterada. Se engloba en dos rubros que son Mantenimiento Preventivo y Mantenimiento Correctivo.</div><div sclass=&quot;rvs-header2&quot; style=&quot;font-style: normal; font-variant-ligatures: normal; font-variant-caps: normal; font-weight: normal; font-size: 12px; font-family: Verdana, sans-serif;&quot;>Sea una u otra actividad, debe realizarse tomando en cuenta varios factores:</div><div sclass=&quot;rvs-header2&quot; style=&quot;font-style: normal; font-variant-ligatures: normal; font-variant-caps: normal; font-weight: normal; font-size: 12px; font-family: Verdana, sans-serif;&quot;>La frecuencia</div><div sclass=&quot;rvs-header2&quot; style=&quot;font-style: normal; font-variant-ligatures: normal; font-variant-caps: normal; font-weight: normal; font-size: 12px; font-family: Verdana, sans-serif;&quot;>El tipo de mantenimiento</div><div sclass=&quot;rvs-header2&quot; style=&quot;font-style: normal; font-variant-ligatures: normal; font-variant-caps: normal; font-weight: normal; font-size: 12px; font-family: Verdana, sans-serif;&quot;>Refacciones</div><div sclass=&quot;rvs-header2&quot; style=&quot;font-style: normal; font-variant-ligatures: normal; font-variant-caps: normal; font-weight: normal; font-size: 12px; font-family: Verdana, sans-serif;&quot;>Tarjetas</div><div sclass=&quot;rvs-header2&quot; style=&quot;font-style: normal; font-variant-ligatures: normal; font-variant-caps: normal; font-weight: normal; font-size: 12px; font-family: Verdana, sans-serif;&quot;>Servicios adjuntos a la Red de Voz</div><div sclass=&quot;rvs-header2&quot; style=&quot;font-style: normal; font-variant-ligatures: normal; font-variant-caps: normal; font-weight: normal; font-size: 12px; font-family: Verdana, sans-serif;&quot;>Entre otros.</div></div><div class=&quot;rvs-header2&quot; style=&quot;font-style: normal; font-variant-ligatures: normal; font-variant-caps: normal; font-family: Verdana, sans-serif;&quot;><br></div><div class=&quot;rvs-header2&quot; style=&quot;font-style: normal; font-variant-ligatures: normal; font-variant-caps: normal; font-family: Verdana, sans-serif;&quot;></div><!--EndFragment--></div>\n                 		</div>\n                 		<div class=&quot;three columns alpha&quot;>\n                 			<div class=&quot;rvs-margin15&quot;><img alt=&quot;&quot; title=&quot;&quot; align=&quot;top&quot; style=&quot;margin: 0px 5px 5px 0px; vertical-align: top; width: 150px; height: 150px;&quot; src=&quot;{IMAGE_URL}/planeaciondelservicoeconomicoaconmutadorydelaprogramacioneconomicadeconmutadortelefonico.jpg&quot; width=&quot;150px&quot; height=&quot;150px&quot;><span style=&quot;font-family: Verdana, sans-serif; font-size: 16px; font-style: normal; font-variant-ligatures: normal; font-variant-caps: normal; font-weight: bold;&quot;>PROGRAMACION</span></div><div sclass=&quot;rvs-header2&quot;><span style=&quot;font-family: Verdana, sans-serif; font-size: 12px; font-style: normal; font-variant-ligatures: normal; font-variant-caps: normal; font-weight: normal;&quot;><br></span></div><div sclass=&quot;rvs-header2&quot;><span style=&quot;font-family: Verdana, sans-serif; font-size: 12px; font-style: normal; font-variant-ligatures: normal; font-variant-caps: normal; font-weight: normal;&quot;>Situaciones como: Mi telefono no timbra, no suena la extension, marcan de la calle pero no se oye, nadie escucha la llamada, no puedo hacer llamadas, se oye un ruido en mi telefono, mi conmutador no dirije las llamadas, se corta la llamada, no timbre igual que hace dias, timbra en otras extensiones, no puedo hacer llamadas a celular, no puedo hacer llamadas de larga distancia, no puedo hacer conferencia de llamadas o llamadas en conferencia, no entra el mensaje de bienvenida, no entra el menu, no puedo marcar a ningun banco, no se escucha la grabacion, timbra en todas partes, levanto el auricular perno no me contestan, mi telefono esta bloqueado, antes no me pedia clave, aunque no este permitido, todos pueden hacer llamadas a celular y larga distancia, el interfon no funciona, son indicadores de que su equipo posiblemente requiere </span><span style=&quot;font-family: Verdana, sans-serif; font-size: 12px; font-style: normal; font-variant-ligatures: normal; font-variant-caps: normal;&quot;><b>PROGRAMACION</b></span><span style=&quot;font-family: Verdana, sans-serif; font-size: 12px; font-style: normal; font-variant-ligatures: normal; font-variant-caps: normal; font-weight: normal;&quot;>.</span><span style=&quot;font-family: Verdana, sans-serif; font-size: 20px; font-style: normal; font-variant-ligatures: normal; font-variant-caps: normal; font-weight: bold;&quot;><br></span></div><div sclass=&quot;rvs-header2&quot;><br></div>\n                 		</div>\n                    </div> \n                    <div class=&quot;clear&quot;></div>  \n                    <div class=&quot;row&quot;></div>           \n                 	</div>				 				\n				 \" designmode=\"off\" style=\"display: block;\"><div class=\"\" style=\"z-index: 90; width: 7px;\"></div><div class=\"\" style=\"z-index: 90; height: 7px;\"></div><table width=\"100%\" border=\"0\" class=\"ui-selectable\"><tbody designmode=\"On\"><tr designmode=\"On\"><td width=\"\" designmode=\"On\" class=\"\" indextr=\"1\" indextd=\"1\">&nbsp;&nbsp;&nbsp;<div class=\"\" style=\"z-index: 90; width: 7px;\"></div><div class=\"\" style=\"z-index: 90; height: 7px;\"></div></td><td width=\"\" designmode=\"On\" class=\"\" indextr=\"1\" indextd=\"2\"><div style=\"text-align: center;\"><b><span style=\"font-family: Verdana, sans-serif;\">Empresa 100% Mexicana que ofrece Conmutadores Telefonicos, Productos, Servicios y Soluciones Tecnologicas.</span><span style=\"font-family: Verdana, sans-serif;\">&nbsp;</span></b></div><div style=\"text-align: center;\"><b><i><span style=\"font-family: Verdana, sans-serif;\"></span><span style=\"font-family: Verdana, sans-serif; font-size: 12px; font-variant-ligatures: normal; font-variant-caps: normal;\">ENFOCADOS A SU ECONOMIA</span></i></b></div><div style=\"text-align: center;\"><font color=\"#0000ff\" style=\"font-size: 14px; font-style: inherit; font-variant-ligatures: inherit; font-variant-caps: inherit; font-weight: inherit; font-family: tahoma, geneva, sans-serif;\"><span style=\"background-color: rgb(0, 255, 0);\"><br></span></font></div><div style=\"text-align: center;\"><span style=\"background-color: rgb(255, 255, 255);\"><font color=\"#0000ff\" style=\"font-size: 14px; font-style: inherit; font-variant-ligatures: inherit; font-variant-caps: inherit; font-weight: inherit; font-family: tahoma, geneva, sans-serif;\">Panasonic&nbsp;&nbsp;</font><span style=\"font-size: 14px; font-family: tahoma, geneva, sans-serif;\">Avaya</span><font color=\"#0000ff\" style=\"font-size: 14px; font-style: inherit; font-variant-ligatures: inherit; font-variant-caps: inherit; font-weight: inherit; font-family: tahoma, geneva, sans-serif;\">&nbsp;&nbsp;Alcatel&nbsp;&nbsp;&nbsp;</font></span></div><div style=\"text-align: center;\"><span style=\"background-color: rgb(255, 255, 255);\"><font color=\"#0000ff\" style=\"font-size: 14px; font-style: inherit; font-variant-ligatures: inherit; font-variant-caps: inherit; font-weight: inherit; font-family: tahoma, geneva, sans-serif;\"></font><span style=\"font-size: 14px; font-family: tahoma, geneva, sans-serif;\">Siemens</span><font color=\"#0000ff\" style=\"font-size: 14px; font-style: inherit; font-variant-ligatures: inherit; font-variant-caps: inherit; font-weight: inherit; font-family: tahoma, geneva, sans-serif;\">&nbsp;&nbsp;Toshiba&nbsp;&nbsp;</font><span style=\"font-size: 14px; font-family: tahoma, geneva, sans-serif;\">Nortel</span><font color=\"#0000ff\" style=\"font-size: 14px; font-style: inherit; font-variant-ligatures: inherit; font-variant-caps: inherit; font-weight: inherit; font-family: tahoma, geneva, sans-serif;\">&nbsp;&nbsp;</font></span></div><div style=\"text-align: center;\"><span style=\"background-color: rgb(255, 255, 255);\"><font color=\"#0000ff\" style=\"font-size: 14px; font-style: inherit; font-variant-ligatures: inherit; font-variant-caps: inherit; font-weight: inherit; font-family: tahoma, geneva, sans-serif;\">Samsung&nbsp;&nbsp;</font><span style=\"font-size: 14px; font-family: tahoma, geneva, sans-serif;\">LG</span><font color=\"#0000ff\" style=\"font-size: 14px; font-style: inherit; font-variant-ligatures: inherit; font-variant-caps: inherit; font-weight: inherit; font-family: tahoma, geneva, sans-serif;\">&nbsp;&nbsp;Nec&nbsp;&nbsp;</font></span></div><div style=\"text-align: center;\"><span style=\"background-color: rgb(255, 255, 255);\"><font color=\"#0000ff\" style=\"font-size: 14px; font-style: inherit; font-variant-ligatures: inherit; font-variant-caps: inherit; font-weight: inherit; font-family: tahoma, geneva, sans-serif;\"></font><span style=\"font-size: 14px; font-family: tahoma, geneva, sans-serif;\">Mitel</span><font color=\"#0000ff\" style=\"font-size: 14px; font-style: inherit; font-variant-ligatures: inherit; font-variant-caps: inherit; font-weight: inherit; font-family: tahoma, geneva, sans-serif;\">&nbsp;&nbsp;Talkswitch &nbsp;</font></span><span style=\"font-family: tahoma, geneva, sans-serif;\">Fortivoice</span><font color=\"#0000ff\" style=\"font-size: inherit; font-style: inherit; font-variant-ligatures: inherit; font-variant-caps: inherit; font-weight: inherit; font-family: tahoma, geneva, sans-serif;\">&nbsp;&nbsp;</font></div><div style=\"text-align: center;\"><font color=\"#0000ff\" style=\"font-size: inherit; font-style: inherit; font-variant-ligatures: inherit; font-variant-caps: inherit; font-family: tahoma, geneva, sans-serif;\"><b>Smartphone&nbsp;&nbsp;</b></font><span style=\"font-family: tahoma, geneva, sans-serif;\">MyPBX</span><font color=\"#0000ff\" style=\"font-size: inherit; font-style: inherit; font-variant-ligatures: inherit; font-variant-caps: inherit; font-weight: inherit; font-family: tahoma, geneva, sans-serif;\">&nbsp;&nbsp;</font><font color=\"#0000ff\" style=\"font-size: inherit; font-style: inherit; font-variant-ligatures: inherit; font-variant-caps: inherit; font-family: tahoma, geneva, sans-serif;\"><b>GrandStream&nbsp;&nbsp;</b></font></div><div style=\"text-align: center;\"><font color=\"#0000ff\" style=\"font-size: inherit; font-style: inherit; font-variant-ligatures: inherit; font-variant-caps: inherit; font-weight: inherit; font-family: tahoma, geneva, sans-serif;\"></font><span style=\"font-family: tahoma, geneva, sans-serif;\">Yeastar</span><font color=\"#0000ff\" style=\"font-size: inherit; font-style: inherit; font-variant-ligatures: inherit; font-variant-caps: inherit; font-weight: inherit; font-family: tahoma, geneva, sans-serif;\">&nbsp;&nbsp;</font><font color=\"#0000ff\" style=\"font-size: inherit; font-style: inherit; font-variant-ligatures: inherit; font-variant-caps: inherit; font-family: tahoma, geneva, sans-serif;\"><b>Cisco&nbsp;&nbsp;</b></font><font color=\"#0000ff\" style=\"font-size: inherit; font-style: inherit; font-variant-ligatures: inherit; font-variant-caps: inherit; font-weight: inherit; font-family: tahoma, geneva, sans-serif;\">entre otras</font></div><div style=\"text-align: center;\"><br></div><div style=\"text-align: center;\"></div><h1 style=\"text-align: center;\">LA CASA DE CONMUTADOR</h1><div style=\"text-align: center;\"><h3><font color=\"#3700ff\">Empresa 100% Mexicana que ofrece Servicos Tecnicos Profesionales en Conmutadores Telefonicos IP GRANDSTREAM UCM SERIES, PANASONIC NS500 ENTRE OTROS, Productos, Servicios y Soluciones Tecnologicas.<span style=\"font-family: Verdana, sans-serif; font-weight: 700;\">&nbsp;</span></font></h3><div style=\"margin-right: 0px; font-style: normal; font-variant-ligatures: normal; font-variant-caps: normal; font-weight: normal; font-size: 12px; font-family: Verdana, sans-serif;\"><span style=\"font-weight: 700;\"><i><span style=\"font-family: Verdana, sans-serif;\"></span><span style=\"font-variant-ligatures: normal; font-variant-caps: normal; font-size: 12px; font-family: Verdana, sans-serif;\">ENFOCADOS A SU ECONOMIA</span></i></span></div><hr id=\"null\"></div></td><td width=\"\" designmode=\"On\" class=\"\" indextr=\"1\" indextd=\"3\">&nbsp;&nbsp;&nbsp;<div class=\"\" style=\"z-index: 90; width: 7px;\"></div><div class=\"\" style=\"z-index: 90; height: 7px;\"></div></td></tr></tbody></table>\n                 <div class=\"rvs-line-height\">\n                 \n                 	<div class=\"eight columns alpha\">\n                 		<div>\n                 			<div class=\"rvs-header2\" style=\"line-height: normal;\">VENTA</div>\n                 			<div>Manejamos las mejores marcas del mercado:<br></div><div>Conmutadores Digitales, Hibridos e&nbsp;IP.</div><div><br></div><div><span style=\"font-family: Verdana, sans-serif; font-size: 12px; font-style: normal; font-variant-ligatures: normal; font-variant-caps: normal; font-weight: normal;\">Ofrecemos SOLUCIONES ENFOCADAS A SU ECONOMIA.&nbsp;</span></div><div><span style=\"font-family: Verdana, sans-serif; font-size: 12px; font-style: normal; font-variant-ligatures: normal; font-variant-caps: normal; font-weight: normal;\">A partir de que su solicitud sea recibida, usted contara con LA MEJOR OPCION DE COMPRA para su empresa, en su Departamento de TI. Llamenos!</span><br></div><div><br></div><div>Contamos con los PRECIOS MAS ACCESIBLES DEL MERCADO. Solo basta una llamada!</div>\n                 		</div>  \n                 		<div class=\"four columns alpha\">\n                 			<div class=\"rvs-margin15\"><img alt=\"\" title=\"\" align=\"top\" style=\"margin: 0px 5px 5px 0px; vertical-align: top; width: 150px; height: 150px;\" src=\"{IMAGE_URL}/SERVICIOMANTENIMIENTOYPROGRAMACIONABAJOCOSTOECONOMICOyBARATOPARACONMUTADORTELEFONICOPanasonic_KX-NS1000_KX-UT_Business_Communications_Server-NS500.png\" width=\"150px\" height=\"150px\"><div class=\"clear\"></div></div>\n                 			<div class=\"clear\"></div>\n                 			<div class=\"rvs-header2\" style=\"line-height: normal;\">Conmutadores<br style=\"line-height: normal;\">Telefonicos Economicos</div>\n                 			Contamos con la solucion de comunicaciones moderna, funcional y de excelentes beneficios, mas adecuada a sus necesidades. No importa el tamaño de su casa, empresa o negocio. Ofrecemos SOLUCIONES ENFOCADAS A SU ECONOMIA.</div>\n                 		<div class=\"four columns alpha\">\n                 			<div class=\"rvs-margin15\"><img src=\"{LIBRARY_URL}/150x150/4ct_150x150_31.jpg\" alt=\"\" style=\"float:left; margin-right:5px;\"></div>\n                 			<div class=\"clear\"></div>\n                 			<div class=\"rvs-header2\" style=\"line-height: normal;\">Telefonos&nbsp; Accesorios</div><div>Contamos con lo mas avanzado de la tecnologia en lo que a comunicaciones se refiere: desde un&nbsp;<span style=\"font-family: Verdana, sans-serif; font-size: 12px; font-style: normal; font-variant-ligatures: normal; font-variant-caps: normal; font-weight: normal;\">sencillo&nbsp;</span>telefono unilinea , hasta el mas sofisticado conmutador telefonico IP, u operado en LA NUBE.</div><div><br></div><div>Es decir, desde un CONMUTADOR PARA 1&nbsp;LINEA Y 2 EXTENSIONES, hasta Conmutadores Corporativos y Hoteleros y para Instituciones Eductativas y Gobierno.</div><div><br></div><div>\n                 			</div>\n                 		</div>\n					</div>  \n                    \n                    <div class=\"seven columns omega\">\n                    	<div>\n                 			<div class=\"rvs-header2\" style=\"line-height: normal;\">REFACCIONES y SERVICIOS</div>\n                 			<div>Los servicios de mayor demanda, aquellos que por&nbsp;su ausencia&nbsp;mas problemas&nbsp;<span style=\"font-family: Verdana, sans-serif; font-size: 12px; font-style: normal; font-variant-ligatures: normal; font-variant-caps: normal; font-weight: normal;\">provocan</span><span style=\"font-family: Verdana, sans-serif; font-size: 12px; font-style: normal; font-variant-ligatures: normal; font-variant-caps: normal; font-weight: normal;\">&nbsp;</span>en los comutadores telefonicos y generan mas perdidas economicas en las empresas,&nbsp;al alcance de su mano. A una sola llamada telefonica.&nbsp;</div><div><br></div><div>Ofrecemos SOLUCIONES ENFOCADAS A SU ECONOMIA.&nbsp;</div><div>A partir de que su solicitud sea recibida, usted contara con el MEJOR DEPARTAMENTO DE SERVICIO para su Departamento de TI. Llamenos!<br></div>\n                 		</div> \n                 		<div class=\"four columns alpha\">\n                 			<div class=\"rvs-margin15\"><img alt=\"\" title=\"\" align=\"top\" style=\"margin: 0px 5px 5px 0px; vertical-align: top; width: 150px; height: 150px;\" src=\"{IMAGE_URL}/ing.redes-y-comunicaciones.png\" width=\"150px\" height=\"150px\"><div class=\"clear\"></div></div>\n                 			<div class=\"clear\"></div>\n                 			<div class=\"rvs-header2\" style=\"line-height: normal;\">REPARACION</div>\n                 			<div>Reparacion de Conmutador Telefonico. Generalmente es una accion correctiva. derivado de la no existencia de Polizas de Servicio de Mantenimiento Preventivo.</div><div>La reparacion es una actividad que se lleva a cabo de manera profesional por nuestro personal debidamente capacitado: <b>operadores, tecnicos e ingenieros, expertos o especialistas</b>. El conmutador puede requerir reparacion la cual se realiza en la gran mayoria de las veces, EN SITIO, EN SU DOMICILIO.</div><div><br></div><div><!--StartFragment--><div class=\"rvs-margin15\" style=\"font-style: normal; font-variant-ligatures: normal; font-variant-caps: normal; font-weight: normal; font-size: 12px; font-family: Verdana, sans-serif;\"><img alt=\"\" title=\"\" align=\"top\" style=\"margin: 0px 5px 5px 0px; vertical-align: top; width: 150px; height: 150px;\" src=\"{IMAGE_URL}/Fuente_conmutada.jpg\" width=\"150px\" height=\"150px\"><div class=\"clear\"></div></div><div class=\"clear\" style=\"font-style: normal; font-variant-ligatures: normal; font-variant-caps: normal; font-weight: normal; font-size: 12px; font-family: Verdana, sans-serif;\"></div><div class=\"rvs-header2\" style=\"font-style: normal; font-variant-ligatures: normal; font-variant-caps: normal; font-family: Verdana, sans-serif;\"><div sclass=\"rvs-header2\" style=\"font-style: normal; font-variant-ligatures: normal; font-variant-caps: normal; font-weight: normal; font-size: 12px; font-family: Verdana, sans-serif;\"><span style=\"font-style: normal; font-variant-ligatures: normal; font-variant-caps: normal; font-weight: bold; font-size: 20px; font-family: Verdana, sans-serif; line-height: normal;\">MANTENIMIENTO</span><br></div><div sclass=\"rvs-header2\" style=\"font-style: normal; font-variant-ligatures: normal; font-variant-caps: normal; font-weight: normal; font-size: 12px; font-family: Verdana, sans-serif;\">El mantenimiento es generalmente una actividad que la mayoria de las veces debe realizarse al equipo cuando su operacion esta alterada. Se engloba en dos rubros que son Mantenimiento Preventivo y Mantenimiento Correctivo.</div><div sclass=\"rvs-header2\" style=\"font-style: normal; font-variant-ligatures: normal; font-variant-caps: normal; font-weight: normal; font-size: 12px; font-family: Verdana, sans-serif;\">Sea una u otra actividad, debe realizarse tomando en cuenta varios factores:</div><div sclass=\"rvs-header2\" style=\"font-style: normal; font-variant-ligatures: normal; font-variant-caps: normal; font-weight: normal; font-size: 12px; font-family: Verdana, sans-serif;\">La frecuencia</div><div sclass=\"rvs-header2\" style=\"font-style: normal; font-variant-ligatures: normal; font-variant-caps: normal; font-weight: normal; font-size: 12px; font-family: Verdana, sans-serif;\">El tipo de mantenimiento</div><div sclass=\"rvs-header2\" style=\"font-style: normal; font-variant-ligatures: normal; font-variant-caps: normal; font-weight: normal; font-size: 12px; font-family: Verdana, sans-serif;\">Refacciones</div><div sclass=\"rvs-header2\" style=\"font-style: normal; font-variant-ligatures: normal; font-variant-caps: normal; font-weight: normal; font-size: 12px; font-family: Verdana, sans-serif;\">Tarjetas</div><div sclass=\"rvs-header2\" style=\"font-style: normal; font-variant-ligatures: normal; font-variant-caps: normal; font-weight: normal; font-size: 12px; font-family: Verdana, sans-serif;\">Servicios adjuntos a la Red de Voz</div><div sclass=\"rvs-header2\" style=\"font-style: normal; font-variant-ligatures: normal; font-variant-caps: normal; font-weight: normal; font-size: 12px; font-family: Verdana, sans-serif;\">Entre otros.</div></div><div class=\"rvs-header2\" style=\"font-style: normal; font-variant-ligatures: normal; font-variant-caps: normal; font-family: Verdana, sans-serif;\"><br></div><div class=\"rvs-header2\" style=\"font-style: normal; font-variant-ligatures: normal; font-variant-caps: normal; font-family: Verdana, sans-serif;\"></div><!--EndFragment--></div>\n                 		</div>\n                 		<div class=\"three columns alpha\">\n                 			<div class=\"rvs-margin15\"><img alt=\"\" title=\"\" align=\"top\" style=\"margin: 0px 5px 5px 0px; vertical-align: top; width: 150px; height: 150px;\" src=\"{IMAGE_URL}/planeaciondelservicoeconomicoaconmutadorydelaprogramacioneconomicadeconmutadortelefonico.jpg\" width=\"150px\" height=\"150px\"><span style=\"font-family: Verdana, sans-serif; font-size: 16px; font-style: normal; font-variant-ligatures: normal; font-variant-caps: normal; font-weight: bold;\">PROGRAMACION</span></div><div sclass=\"rvs-header2\"><span style=\"font-family: Verdana, sans-serif; font-size: 12px; font-style: normal; font-variant-ligatures: normal; font-variant-caps: normal; font-weight: normal;\"><br></span></div><div sclass=\"rvs-header2\"><span style=\"font-family: Verdana, sans-serif; font-size: 12px; font-style: normal; font-variant-ligatures: normal; font-variant-caps: normal; font-weight: normal;\">Situaciones como: Mi telefono no timbra, no suena la extension, marcan de la calle pero no se oye, nadie escucha la llamada, no puedo hacer llamadas, se oye un ruido en mi telefono, mi conmutador no dirije las llamadas, se corta la llamada, no timbre igual que hace dias, timbra en otras extensiones, no puedo hacer llamadas a celular, no puedo hacer llamadas de larga distancia, no puedo hacer conferencia de llamadas o llamadas en conferencia, no entra el mensaje de bienvenida, no entra el menu, no puedo marcar a ningun banco, no se escucha la grabacion, timbra en todas partes, levanto el auricular perno no me contestan, mi telefono esta bloqueado, antes no me pedia clave, aunque no este permitido, todos pueden hacer llamadas a celular y larga distancia, el interfon no funciona, son indicadores de que su equipo posiblemente requiere </span><span style=\"font-family: Verdana, sans-serif; font-size: 12px; font-style: normal; font-variant-ligatures: normal; font-variant-caps: normal;\"><b>PROGRAMACION</b></span><span style=\"font-family: Verdana, sans-serif; font-size: 12px; font-style: normal; font-variant-ligatures: normal; font-variant-caps: normal; font-weight: normal;\">.</span><span style=\"font-family: Verdana, sans-serif; font-size: 20px; font-style: normal; font-variant-ligatures: normal; font-variant-caps: normal; font-weight: bold;\"><br></span></div><div sclass=\"rvs-header2\"><br></div>\n                 		</div>\n                    </div> \n                    <div class=\"clear\"></div>  \n                    <div class=\"row\"></div>           \n                 	</div>				 				\n				 </div><div id=\"editable_area_customafa8752967bad7f4713d99ec547d1aca\" class=\"RVWYSIWYGAREA areaCustom\" data-ph=\"Editable Area. \'Backspace\' tab to remove this block.\" defaultvalue=\"&amp;nbsp;\" designmode=\"off\" style=\"display: block;\">&nbsp;</div><div class=\"clear\"></div><div id=\"editable_area_customcbac2f595b5d692ff564593158aca852\" class=\"RVWYSIWYGAREA areaCustom\" data-ph=\"Editable Area. \'Backspace\' tab to remove this block.\" defaultvalue=\"<div style=&quot;text-align: center;&quot;><b><i></i></b></div><div style=&quot;text-align: center;&quot;><font color=&quot;#000000&quot;><b><i><span></span>La Casa del Conmutador</i></b></font></div><b><i></i></b><div style=&quot;text-align: center;&quot;><b><i></i></b><br></div><div class=&quot;clear&quot;></div><img alt=&quot;&quot; title=&quot;&quot; align=&quot;top&quot; style=&quot;margin: 0px 5px 5px 0px;vertical-align: top;&quot; src=&quot;&quot;><div class=&quot;clear&quot;></div>\" designmode=\"off\" style=\"display: block;\"><div style=\"text-align: center;\"><b><i></i></b></div><div style=\"text-align: center;\"><font color=\"#000000\"><b><i><span></span>La Casa del Conmutador</i></b></font></div><b><i></i></b><div style=\"text-align: center;\"><b><i></i></b><br></div><div class=\"clear\"></div><img alt=\"\" title=\"\" align=\"top\" style=\"margin: 0px 5px 5px 0px;vertical-align: top;\" src=\"\"><div class=\"clear\"></div></div><div id=\"editable_area_custom1ac535e980ac35028a0f144a1f148c47\" class=\"RVWYSIWYGAREA areaCustom\" data-ph=\"Editable Area. \'Backspace\' tab to remove this block.\" defaultvalue=\"METATAG: <br>CONMUTADOR, CONMUTADOR TELEFONICO, CENTRAL TELEFONICA, CONMUTADORES TELEFONICOS ECONOMICOS VENTA Y SERVICIO (ENFOCADOS A SU ECONOMIA)<font color=&quot;#000100&quot;>, CONMUTADORES ECONOMICOS VENTA SERVICIO Y REPARACION, PROGRAMACION DE CONMUTADOR, INSTALACION DE CONMUTADOR, VENTA DE CONMUTADOR, CONMUTADORES TELEFONICOS ECONOMICOS, CENTRAL TELEFONICA ECONOMICA, BARATA, A BAJO PRECIO, OFERTA DE PRECIOS, PRECIOS ECONOMICOS, A BAJO COSTO, SOPORTE ECONOMICO, PROVEEDOR ECONOMICO, PROVEEDOR BARATO, SERVICIO SIN COMPETENCIA, SERVICIO ECONOMICO, BARATO Y ACCESIBLE, A BAJO COSTO, PROGRAMACION DE BAJO COSTO, PREVEEDOR DE CONMUTADORES TELEFONICOS, PROVEEDOR DE CONMUTADOR TELEFONICO, INSTALACIONES ECONOMICAS DE CONMUTADORES, TECNICOS ECONOMICOS, EMPRESA ECONOMICA, EMPRESA ESPECIALIZADA EN CONMUTADORES TELEFONICOS, INGENIEROS ABUEN PRECIO, CONMUTADORES EN OFERTA, GANGA DE CONMUTADORES, CONMUTADORES EN GANGA, OFERTON DE CONMUTADORES, REFACCIONES Y SERVICIOS, CONFIGURACIONES ECONOMICAS, PROGRAMACION ECONOMICA Y A BAJO COSTO, A DOMICILIO, SERVICIO A BUEN PRECIO Y A DOMICILIO, ENLACES ECONOMICOS, EXTENSIONES ECONOMICAS, LINEAS ECONOMICAS, BARATAS, A BAJO PRECIO<br>CONMUTADOR GRANDSTREAM, CONMUTADOR PANASONIC TES824, CONMUTADOR PANASONIC HTS32, CONMUTADOR PANASONIC TD1232, CONMUTADOR PANASONIC TDA100, CONMUTADOR PANASONIC TDA200, CONMUTADOR PANASONIC TDA600, CONMUTADOR PANASONIC TDE100, CONMUTADOR PANASONIC TDA30, CONMUTADOR PANASONIC TDE200, CONMUTADOR PANASONIC TDE600, CONMUTADOR PANASONIC NS500, CONMUTADOR PANASONIC NS1000, CONMUTADOR NEC SL1000, CONMUTADOR NEC SL2100, CONMUTADOR AVAYA IP OFFICE 500, CONMUTADOR XORCOM, CONMUTADOR ASTERISK, CONMUTADOR ELASTIX, CONMUTADOR NCH, CONMUTADOR STEREN, CONMUTADORVIRTUAL, CONMUTADOR EN LA NUBE, ARAÑA GAC2500, ARAÑA INALAMBRICA GRANDSTREAM, TELEFONOS IP MULTILINEA GRANDSTREAM, TELEFONO IP PANASONIC, TELEFONO MULTILINEA PANASONIC KX-T7730, KX-TA7730 (GAMA NUEVA), TELEFONOS UNILINEA, REPARACION DE EXTENSIONES TELEFONICAS, REPARACION DE LINEAS TELEFONICAS, TECNICOS EN CONMUTADORES TELEFONICOS, TECNICO ESPECIALISTA CONMUTADOR, DON CONMUTADOR, &amp;nbsp;TECNICO ESPECIALIZADO EN CONMUTADOR TELEFONICO, RECEPCION DE LLAMADAS EN CONMUTADOR, DESVIO DE LLAMADAS, CABLEADO ESTRUCTURADO, AHORRO EN LLAMADAS, LLAMADAS TELEFONICAS, ANTI ESPIONAJE TELEFONICO, REVISION DE SISTEMA TELEFONICO, RVISION DE CONMUTADOR TELEFONICO, REVISION DE LINEA TELEFONICA, REVISION DE EXTENSIONES, REVISION DE CONMUTADOR TELEFONICO, REPARACION DE LINEA TELEFONICA, REPARACION DE EXTENSION TELEFONICA, REPARACION DE CONMUTADOR TELEFONICO, POLIZA DE SERVICIO A CONMUTADOR TELEFONICO, POLIZA DE MANTENIMIENTO A CONMUTADOR TELEFONICO, POLIZA DE CONTRATO DE SERVICIO A CONMUTADOR TELEFONICO, POLIZA DE MANTENIMIENTO, TELEFONO PAR CONFERENCIA TELEFONICA, VIDEO CONFERENCIA TELEFONICA, EQUIPO DE VIDEO CONFERENCIA, PBX PHONE SYSTEM, CENTRALES TELEFONICAS, CONMUTADOR,CONMUTADOR TELEFONICO, PANASONIC, ALCATEL, INDETEL, MACROTEL, INTELBRAS, PANASONIC, LG NORTEL, CONMUTADORES IP, CONMUTADOR IP, CONMUTADORES TELEFONICOS IP, CONMUTADOR EN LA NUBE, LINEAS TELEFONICAS IP, EXTENSIONES TELEFONICAS IP, TECNICOS ESPECIALISTAS, TECNICOS EXPERTOS EN CONMUTADORES, COMPOSTURA DE CONMUTADORES, ARREGLO DE CONMUTADORES, empresa especializada en conmutadores telefonicos y servicios profesionales a conmutadores telefonicos, economicos.<br></font>\" designmode=\"off\" style=\"display: block;\">METATAG: <br>CONMUTADOR, CONMUTADOR TELEFONICO, CENTRAL TELEFONICA, CONMUTADORES TELEFONICOS ECONOMICOS VENTA Y SERVICIO (ENFOCADOS A SU ECONOMIA)<font color=\"#000100\">, CONMUTADORES ECONOMICOS VENTA SERVICIO Y REPARACION, PROGRAMACION DE CONMUTADOR, INSTALACION DE CONMUTADOR, VENTA DE CONMUTADOR, CONMUTADORES TELEFONICOS ECONOMICOS, CENTRAL TELEFONICA ECONOMICA, BARATA, A BAJO PRECIO, OFERTA DE PRECIOS, PRECIOS ECONOMICOS, A BAJO COSTO, SOPORTE ECONOMICO, PROVEEDOR ECONOMICO, PROVEEDOR BARATO, SERVICIO SIN COMPETENCIA, SERVICIO ECONOMICO, BARATO Y ACCESIBLE, A BAJO COSTO, PROGRAMACION DE BAJO COSTO, PREVEEDOR DE CONMUTADORES TELEFONICOS, PROVEEDOR DE CONMUTADOR TELEFONICO, INSTALACIONES ECONOMICAS DE CONMUTADORES, TECNICOS ECONOMICOS, EMPRESA ECONOMICA, EMPRESA ESPECIALIZADA EN CONMUTADORES TELEFONICOS, INGENIEROS ABUEN PRECIO, CONMUTADORES EN OFERTA, GANGA DE CONMUTADORES, CONMUTADORES EN GANGA, OFERTON DE CONMUTADORES, REFACCIONES Y SERVICIOS, CONFIGURACIONES ECONOMICAS, PROGRAMACION ECONOMICA Y A BAJO COSTO, A DOMICILIO, SERVICIO A BUEN PRECIO Y A DOMICILIO, ENLACES ECONOMICOS, EXTENSIONES ECONOMICAS, LINEAS ECONOMICAS, BARATAS, A BAJO PRECIO<br>CONMUTADOR GRANDSTREAM, CONMUTADOR PANASONIC TES824, CONMUTADOR PANASONIC HTS32, CONMUTADOR PANASONIC TD1232, CONMUTADOR PANASONIC TDA100, CONMUTADOR PANASONIC TDA200, CONMUTADOR PANASONIC TDA600, CONMUTADOR PANASONIC TDE100, CONMUTADOR PANASONIC TDA30, CONMUTADOR PANASONIC TDE200, CONMUTADOR PANASONIC TDE600, CONMUTADOR PANASONIC NS500, CONMUTADOR PANASONIC NS1000, CONMUTADOR NEC SL1000, CONMUTADOR NEC SL2100, CONMUTADOR AVAYA IP OFFICE 500, CONMUTADOR XORCOM, CONMUTADOR ASTERISK, CONMUTADOR ELASTIX, CONMUTADOR NCH, CONMUTADOR STEREN, CONMUTADORVIRTUAL, CONMUTADOR EN LA NUBE, ARAÑA GAC2500, ARAÑA INALAMBRICA GRANDSTREAM, TELEFONOS IP MULTILINEA GRANDSTREAM, TELEFONO IP PANASONIC, TELEFONO MULTILINEA PANASONIC KX-T7730, KX-TA7730 (GAMA NUEVA), TELEFONOS UNILINEA, REPARACION DE EXTENSIONES TELEFONICAS, REPARACION DE LINEAS TELEFONICAS, TECNICOS EN CONMUTADORES TELEFONICOS, TECNICO ESPECIALISTA CONMUTADOR, DON CONMUTADOR, &nbsp;TECNICO ESPECIALIZADO EN CONMUTADOR TELEFONICO, RECEPCION DE LLAMADAS EN CONMUTADOR, DESVIO DE LLAMADAS, CABLEADO ESTRUCTURADO, AHORRO EN LLAMADAS, LLAMADAS TELEFONICAS, ANTI ESPIONAJE TELEFONICO, REVISION DE SISTEMA TELEFONICO, RVISION DE CONMUTADOR TELEFONICO, REVISION DE LINEA TELEFONICA, REVISION DE EXTENSIONES, REVISION DE CONMUTADOR TELEFONICO, REPARACION DE LINEA TELEFONICA, REPARACION DE EXTENSION TELEFONICA, REPARACION DE CONMUTADOR TELEFONICO, POLIZA DE SERVICIO A CONMUTADOR TELEFONICO, POLIZA DE MANTENIMIENTO A CONMUTADOR TELEFONICO, POLIZA DE CONTRATO DE SERVICIO A CONMUTADOR TELEFONICO, POLIZA DE MANTENIMIENTO, TELEFONO PAR CONFERENCIA TELEFONICA, VIDEO CONFERENCIA TELEFONICA, EQUIPO DE VIDEO CONFERENCIA, PBX PHONE SYSTEM, CENTRALES TELEFONICAS, CONMUTADOR,CONMUTADOR TELEFONICO, PANASONIC, ALCATEL, INDETEL, MACROTEL, INTELBRAS, PANASONIC, LG NORTEL, CONMUTADORES IP, CONMUTADOR IP, CONMUTADORES TELEFONICOS IP, CONMUTADOR EN LA NUBE, LINEAS TELEFONICAS IP, EXTENSIONES TELEFONICAS IP, TECNICOS ESPECIALISTAS, TECNICOS EXPERTOS EN CONMUTADORES, COMPOSTURA DE CONMUTADORES, ARREGLO DE CONMUTADORES, empresa especializada en conmutadores telefonicos y servicios profesionales a conmutadores telefonicos, economicos.<br></font></div><div class=\"clear\"></div><div class=\"clear\"></div>', NULL, NULL, NULL, NULL, NULL, NULL, '0', NULL, 'Tel. 55-8995-9251: ATENCION URGENTE CONMUTADOR TELEFONICO, CENTRAL TELEFONICA, CONMUTADORES TELEFONICOS IP ECONOMICOS VENTA Y SERVICIO, CONMUTADORES ECONOMICOS VENTA SERVICIO Y REPARACION, PROGRAMACION INSTALACION DE CONMUTADOR, INSTALACION', 'CONMUTADOR TELEFONICO IP GRANDSTREAM UCM SERIES, CONMUTADOR IP PANASONIC NS500 TES824, CONMUTADOR HTS32, CONMUTADOR PANASONIC TD1232, CONMUTADOR PANASONIC TDA100, CONMUTADOR PANASONIC TDA200, CONMUTADOR PANASONIC TDA600, CONMUTADOR TDE100, CONMUTADOR PANASONIC TDA30, CONMUTADOR TDE200, CONMUTADOR PANASONIC TDE600, CONMUTADOR PANASONIC NS500, CONMUTADOR NS1000, CONMUTADOR NEC SL1000, CONMUTADOR NEC SL2100, CONMUTADOR AVAYA IP OFFICE 500', 'CONMUTADOR TELEFONICO IP GRANDSTREAM UCM SERIES, CONMUTADOR PANASONIC NS500 TES824, CONMUTADOR HTS32, CONMUTADOR PANASONIC TD1232, CONMUTADOR PANASONIC TDA100, CONMUTADOR PANASONIC TDA200, CONMUTADOR PANASONIC TDA600, CONMUTADOR TDE100, CONMUTADOR PANASONIC TDA30, CONMUTADOR TDE200, CONMUTADOR PANASONIC TDE600, CONMUTADOR PANASONIC NS500, CONMUTADOR NS1000, CONMUTADOR NEC SL1000, CONMUTADOR NEC SL2100, CONMUTADOR AVAYA IP OFFICE 500', NULL, NULL, NULL, '', '', '', NULL, NULL, NULL, NULL, '1657743077', NULL, NULL, '0', '0', '0');
REPLACE INTO `rvs_project_page` (`project_page_id`, `rvs_usr_id`, `page_name`, `custom_page_name`, `rvs_component_id`, `page_data`, `page_data_zone_2`, `page_data_zone_3`, `page_data_zone_4`, `colume_width_1`, `colume_width_2`, `colume_width_3`, `rvs_layout_id`, `head`, `page_title`, `meta_keyword`, `meta_description`, `effect_page_enter`, `duration_page_enter`, `meta_page_effect`, `rvs_link_id`, `target`, `form_template_id`, `i_pathway`, `i_mail`, `i_print`, `i_favorite`, `last_modifier`, `link_active`, `page_type`, `blank_page`, `set_draft`, `is_member_page`) VALUES ('8e93025ad12fe22e91c683c7ee1323be', '9b8ce3cd644644d27920f63d392cab6a', 'Contáctenos', '', 'c333555bbb03038b535b529d456583f0', '<div class=\"RVWYSIWYGAREA\" defaultvalue=\"<div><b>Oficinas Administrativas:</b></div><div>Mollendo 660 Interior 6<br></div><div>Col. Lindavista</div><div>CP 7300</div><div>Ciudad de Mexico</div><div>Mexico</div><div><br></div><div><br></div>\" designmode=\"off\" style=\"display: block;\"><div><b>Oficinas Administrativas:</b></div><div>Mollendo 660 Interior 6<br></div><div>Col. Lindavista</div><div>CP 7300</div><div>Ciudad de Mexico</div><div>Mexico</div><div><br></div><div><br></div></div><div id=\"editable_area_custom60be8513e9f186a402bdac5f3e485661\" class=\"RVWYSIWYGAREA areaCustom\" data-ph=\"Editable Area. \'Backspace\' tab to remove this block.\" defaultvalue=\"<b>Email: </b>ventas@lacasadelconmutador.com&amp;nbsp;\" designmode=\"off\" style=\"display: block;\"><b>Email: </b>ventas@lacasadelconmutador.com&nbsp;</div><div id=\"editable_area_custom5b5cbaaca23bd94161276eb06643b4b8\" class=\"RVWYSIWYGAREA areaCustom\" data-ph=\"Editable Area. \'Backspace\' tab to remove this block.\" defaultvalue=\"<b>Telefonos:</b> <br>Oficinas: 55-8995-9251<br>Movil Urgencias: 55-3802-0050<br><b>Lada de la Ciudad de Mexico:</b> 55&amp;nbsp;\" designmode=\"off\" style=\"display: block;\"><b>Telefonos:</b> <br>Oficinas: 55-8995-9251<br>Movil Urgencias: 55-3802-0050<br><b>Lada de la Ciudad de Mexico:</b> 55&nbsp;</div><div class=\"clear\"></div><div class=\"clear\"></div>', '<div class=\"RVWYSIWYGAREA\" defaultvalue=\"<img class=&quot;jotForm jotFormLoad&quot; align=&quot;middle&quot; id=&quot;DragAndDropForm_cc6b1f7ac1782e53f9e1a4c97dbf6a91&quot; name=&quot;DragAndDropForm_cc6b1f7ac1782e53f9e1a4c97dbf6a91&quot; style=&quot;background-color:#CCCCCC;width:100%;height:369px;&quot; width=&quot;100%&quot; height=&quot;369&quot; src=&quot;https://hdcp001.worldispnetwork.com:2083/cpsess8965493563/3rdparty/rvsitebuilder/rvwysiwyg/theme/default/images/spacer.gif&quot; frmid=&quot;cc6b1f7ac1782e53f9e1a4c97dbf6a91&quot; formtype=&quot;jotform&quot; data=&quot;[encoded data, 10492 characters]&quot;><br>\" designmode=\"off\" style=\"display: block;\"><img class=\"jotForm\" align=\"middle\" id=\"DragAndDropForm_cc6b1f7ac1782e53f9e1a4c97dbf6a91\" name=\"DragAndDropForm_cc6b1f7ac1782e53f9e1a4c97dbf6a91\" style=\"background-color:#CCCCCC;width:100%;height:369px;\" width=\"100%\" height=\"369\" src=\"https://hdcp001.worldispnetwork.com:2083/cpsess8965493563/3rdparty/rvsitebuilder/rvwysiwyg/theme/default/images/spacer.gif\" frmid=\"cc6b1f7ac1782e53f9e1a4c97dbf6a91\" formtype=\"jotform\" data=\"[encoded data, 10492 characters]\"><br></div>', '<div class=\"RVWYSIWYGAREA\" defaultvalue=\"&amp;nbsp;\" designmode=\"off\" style=\"display: block;\">&nbsp;</div>', NULL, NULL, NULL, NULL, '0', NULL, 'Tel. 55-8995-9251: SERVICO TECNICO URGENTE CONMUTADOR TELEFONICO IP GRANDSTREAM UCM PANSONIC NS500 CENTRAL TELEFONICA IP CONMUTADORES TELEFONICOS IP ECONOMICOS VENTA PROGRAMACION SERVICIO REPARACION PROGRAMACION DE IP, INSTALACION IP EXTENSION REMOTA IP', 'CONMUTADORES TELEFONICOS ECONOMICOS VENTA Y SERVICIOS (ENFOCADOS A SU ECONOMIA), CONMUTADORES ECONOMICOS VENTA SERVICIO Y REPARACION, CONMUTADORES TELEFONICOS BARATOS VENTA PROGRAMACION Y SERVICIO, CONMUTADORES TELEFONICOS ACCESIBLES MANTENIMIENTO INSTALA', 'CONMUTADORES TELEFONICOS ECONOMICOS VENTA Y SERVICIOS (ENFOCADOS A SU ECONOMIA), CONMUTADORES ECONOMICOS VENTA SERVICIO Y REPARACION, CONMUTADORES TELEFONICOS BARATOS VENTA PROGRAMACION Y SERVICIO, CONMUTADORES TELEFONICOS ACCESIBLES MANTENIMIENTO INSTALA', NULL, NULL, NULL, '', '', '', NULL, NULL, NULL, NULL, '1571169186', NULL, NULL, '0', '0', '0');
REPLACE INTO `rvs_publish` (`project_id`, `rvs_publish_protocal`, `rvs_publish_domain`, `rvs_publish_path`, `rvs_domain_path`) VALUES ('c8e05b863fc2e8c0946962410b0de013', 'http', 'lacasadelconmutador.com', '', '/home/centrald/lacasadelconmutador.com');
REPLACE INTO `rvs_template_item` (`template_item_id`, `products_id`, `template_id`, `template_item_folder`, `template_type_s_preview`, `color_id`, `picture_id`) VALUES ('99a47fa66971ed639eba1e8e83b01ddb', '13-493-1', '99a47fa66971ed639eba1e8e83b01ddb', 'pro_13-493-1_pink_network_2', 'jpg', '51', '22');
REPLACE INTO `rvs_template_item_navigator_color` (`template_item_id`, `custom_color_group_id`) VALUES ('99a47fa66971ed639eba1e8e83b01ddb', '0');
REPLACE INTO `rvs_template` (`template_id`, `default_template_item_id`, `default_template_item_id2`, `font_id`, `menustyle_id`, `navigator_id`, `default_layout_id`, `sort_priority`, `cdate`) VALUES ('99a47fa66971ed639eba1e8e83b01ddb', '99a47fa66971ed639eba1e8e83b01ddb', '', '12', '2', '293', '', '200', '1424192400');
REPLACE INTO `rvs_menustyle` (`menustyle_id`, `menustyle_description`) VALUES ('2', 'horizontal');
REPLACE INTO `rvs_template_categories_xref` (`template_id`, `rvs_category_id`) VALUES ('99a47fa66971ed639eba1e8e83b01ddb', '13');
REPLACE INTO `rvs_template_type_xref` (`template_id`, `template_type_id`) VALUES ('99a47fa66971ed639eba1e8e83b01ddb', '6');
REPLACE INTO `rvs_template_type` (`template_type_id`, `template_type_name`) VALUES ('6', 'Clean');
REPLACE INTO `rvs_usr` (`rvs_usr_id`, `user_name`, `charset_id`) VALUES ('9b8ce3cd644644d27920f63d392cab6a', 'centrald', '43');
